{"id":963,"date":"2022-05-26T19:50:42","date_gmt":"2022-05-26T17:50:42","guid":{"rendered":"https:\/\/auto-rueth.de\/rueth\/?page_id=963"},"modified":"2022-05-26T20:02:31","modified_gmt":"2022-05-26T18:02:31","slug":"historie","status":"publish","type":"page","link":"https:\/\/auto-rueth.de\/rueth\/historie\/","title":{"rendered":"Historie"},"content":{"rendered":"\t\t<div data-elementor-type=\"wp-page\" data-elementor-id=\"963\" class=\"elementor elementor-963\">\n\t\t\t\t\t\t\t\t\t<section class=\"elementor-section elementor-top-section elementor-element elementor-element-3dd7642e elementor-section-full_width elementor-section-content-middle elementor-section-height-default elementor-section-height-default\" data-id=\"3dd7642e\" data-element_type=\"section\">\n\t\t\t\t\t\t<div class=\"elementor-container elementor-column-gap-no\">\n\t\t\t\t\t<div class=\"elementor-column elementor-col-50 elementor-top-column elementor-element elementor-element-60b01142 elementor-invisible\" data-id=\"60b01142\" data-element_type=\"column\" data-settings=\"{&quot;background_background&quot;:&quot;classic&quot;,&quot;animation&quot;:&quot;zoomInRight&quot;}\">\n\t\t\t<div class=\"elementor-widget-wrap elementor-element-populated\">\n\t\t\t\t\t<div class=\"elementor-background-overlay\"><\/div>\n\t\t\t\t\t\t\t\t<div class=\"elementor-element elementor-element-15eaf183 elementor-widget elementor-widget-heading\" data-id=\"15eaf183\" data-element_type=\"widget\" data-widget_type=\"heading.default\">\n\t\t\t\t<div class=\"elementor-widget-container\">\n\t\t\t<style>\/*! elementor - v3.15.0 - 20-08-2023 *\/\n.elementor-heading-title{padding:0;margin:0;line-height:1}.elementor-widget-heading .elementor-heading-title[class*=elementor-size-]>a{color:inherit;font-size:inherit;line-height:inherit}.elementor-widget-heading .elementor-heading-title.elementor-size-small{font-size:15px}.elementor-widget-heading .elementor-heading-title.elementor-size-medium{font-size:19px}.elementor-widget-heading .elementor-heading-title.elementor-size-large{font-size:29px}.elementor-widget-heading .elementor-heading-title.elementor-size-xl{font-size:39px}.elementor-widget-heading .elementor-heading-title.elementor-size-xxl{font-size:59px}<\/style><h4 class=\"elementor-heading-title elementor-size-default\">Das Autohaus R\u00fcth - Unsere Erfahrung ist Ihr Vorteil! <\/h4>\t\t<\/div>\n\t\t\t\t<\/div>\n\t\t\t\t\t<\/div>\n\t\t<\/div>\n\t\t\t\t<div class=\"elementor-column elementor-col-50 elementor-top-column elementor-element elementor-element-913f9db\" data-id=\"913f9db\" data-element_type=\"column\">\n\t\t\t<div class=\"elementor-widget-wrap elementor-element-populated\">\n\t\t\t\t\t\t\t\t<div class=\"elementor-element elementor-element-5e8d885 elementor-widget elementor-widget-text-editor\" data-id=\"5e8d885\" data-element_type=\"widget\" data-widget_type=\"text-editor.default\">\n\t\t\t\t<div class=\"elementor-widget-container\">\n\t\t\t<style>\/*! elementor - v3.15.0 - 20-08-2023 *\/\n.elementor-widget-text-editor.elementor-drop-cap-view-stacked .elementor-drop-cap{background-color:#69727d;color:#fff}.elementor-widget-text-editor.elementor-drop-cap-view-framed .elementor-drop-cap{color:#69727d;border:3px solid;background-color:transparent}.elementor-widget-text-editor:not(.elementor-drop-cap-view-default) .elementor-drop-cap{margin-top:8px}.elementor-widget-text-editor:not(.elementor-drop-cap-view-default) .elementor-drop-cap-letter{width:1em;height:1em}.elementor-widget-text-editor .elementor-drop-cap{float:left;text-align:center;line-height:1;font-size:50px}.elementor-widget-text-editor .elementor-drop-cap-letter{display:inline-block}<\/style>\t\t\t\t<p>Wer immer den Inhaber des Himmelstadter Autohauses Karl-Heinz-R\u00fcth nach seinen Hobbys befragt, erh\u00e4lt die knappe und einfache Antwort: &#8220;Technik&#8221;. Denn dies ist unzweifelhaft die gro\u00dfe Leidenschaft des geb\u00fcrtigen Himmelstadters, der als Kfz-Meister und Kfz-Sachverst\u00e4ndiger seine 1973 gegr\u00fcndete Firma heute zusammen mit seiner Ehefrau und ehemaligen Lehrerin Angelika mit Freude und ausgepr\u00e4gtem Sachverstand f\u00fchrt.<\/p>\t\t\t\t\t\t<\/div>\n\t\t\t\t<\/div>\n\t\t\t\t<div class=\"elementor-element elementor-element-2a60a260 elementor-widget elementor-widget-text-editor\" data-id=\"2a60a260\" data-element_type=\"widget\" data-widget_type=\"text-editor.default\">\n\t\t\t\t<div class=\"elementor-widget-container\">\n\t\t\t\t\t\t\t<p>Die Wiege des heutigen Autohauses war eine kleine Werkstatt in der Br\u00fcckenstra\u00dfe. Von 1982 bis 1992 wurde der Betrieb nach Karlstadt in die Arnsteiner Stra\u00dfe verlagert, ehe 1992 der neue Komplex im Industriegebiet von Himmelstadt bezogen wurde. Das Autohaus R\u00fcth ging in der Vergangenheit bei <strong>Autohaus-Wettbewerben mehrfach als Sieger<\/strong> hervor.<\/p><p>&#8220;Das wichtigste f\u00fcr uns ist eine l\u00fcckenlose Mobilit\u00e4t&#8221;, verdeutlichte die Chefin Angelika R\u00fcth. Dazu geh\u00f6rt auch der hauseigene Notruf, \u00fcber den man 24-Stunden am Tag das Autohaus erreichen kann. Unsere Kunden sind nicht anonym, sondern genie\u00dfen den Vorteil eines Kleinbetriebes, den direkten Kontakt zum Chef, sowie die famili\u00e4re Betreuung. Dazu tragen 25 Jahre Mazda-H\u00e4ndlererfahrung, sowie der modern ausgestattete Betrieb mit den neusten Ger\u00e4ten und zeitgem\u00e4\u00df geschultem Personal seinen Teil bei. &#8220;Besonders auszeichnend ist unsere konkurrenzlos hohe Qualit\u00e4t&#8221;, betonte Karl-Heinz-R\u00fcth. Selbstverst\u00e4ndlich erf\u00fcllen wir die individuellen W\u00fcnsche unserer Kunden. Neben <b>Neu- und Gebrauchtwagen<\/b>, sowie <b>preisg\u00fcnstigen EU-Fahrzeugen<\/b> werden <b>Reparaturen und Wartung f\u00fcr alle Fabrikate<\/b> angeboten. Dazu tr\u00e4gt auch die eigene Lakiererei, eine eigene Richtbank, sowie eine elektronische Achsvermessungsanlage bei. T\u00dcV- und AU-Abnahme runden das Angebot ab, zudem auch ein Reifenservice, sowie ein Leihwagen-Service geh\u00f6ren.<br \/>Neben den Gesch\u00e4ftsf\u00fchrern verst\u00e4rken noch eine B\u00fcrokraft, sowie vier topgeschulte Kfz-Mitarbeiter in der Werkstatt dem Team R\u00fcth an.&#8221;Die Ausbildung ist beim Autohaus R\u00fcth hoch gewichtet, da nur dadurch dem Kunden eine zeitgem\u00e4\u00dfe Dienstleistung im Bereich Beratung &amp; Werkstattservice geboten werden kann&#8221;, betont Angelika R\u00fcth.<\/p><p>Wir bieten Ihnen erstklassigen Service rund um Ihr Auto und nat\u00fcrlich auch anderen Fahrzeugen. Au\u00dferdem bieten wir Ihnen eine gro\u00dfe <strong>Auswahl an Neu-, Jung-, Jahres- und Gebrauchtwagen, sowie preisg\u00fcnstige EU-Fahrzeuge<\/strong> verschiedener Fabrikate.<\/p><p>\u00a0<\/p>\t\t\t\t\t\t<\/div>\n\t\t\t\t<\/div>\n\t\t\t\t<div class=\"elementor-element elementor-element-379e04fe elementor-widget elementor-widget-text-editor\" data-id=\"379e04fe\" data-element_type=\"widget\" data-widget_type=\"text-editor.default\">\n\t\t\t\t<div class=\"elementor-widget-container\">\n\t\t\t\t\t\t\t<p>Sie, lieber Kunde, profitieren dabei mit uns von <strong>50 Jahren Automobil-Erfahrung<\/strong>. Und das ist es, was z\u00e4hlt!<br \/>\u00dcberzeugen Sie sich selbst von unserem freundlichen Team und unseren <strong>g\u00fcnstigen Angeboten<\/strong>. Unser Autohaus erwartet Sie in der <strong>Rudolf-Diesel-Str. 1<\/strong>, gleich an der B27 zwischen Karlstadt und W\u00fcrzburg. Wir freuen uns auf Ihren Besuch.<br \/>Ihr Autohaus R\u00fcth Team<\/p>\t\t\t\t\t\t<\/div>\n\t\t\t\t<\/div>\n\t\t\t\t\t<\/div>\n\t\t<\/div>\n\t\t\t\t\t\t\t<\/div>\n\t\t<\/section>\n\t\t\t\t\t\t\t<\/div>\n\t\t","protected":false},"excerpt":{"rendered":"<p>Das Autohaus R\u00fcth &#8211; Unsere Erfahrung ist Ihr Vorteil! Wer immer den Inhaber des Himmelstadter Autohauses Karl-Heinz-R\u00fcth nach seinen Hobbys befragt, erh\u00e4lt die knappe und einfache Antwort: &#8220;Technik&#8221;. Denn dies ist unzweifelhaft die gro\u00dfe Leidenschaft des geb\u00fcrtigen Himmelstadters, der als Kfz-Meister und Kfz-Sachverst\u00e4ndiger seine 1973 gegr\u00fcndete Firma heute zusammen mit seiner Ehefrau und ehemaligen Lehrerin [&hellip;]<\/p>\n","protected":false},"author":1,"featured_media":0,"parent":0,"menu_order":0,"comment_status":"closed","ping_status":"closed","template":"","meta":{"footnotes":""},"class_list":["post-963","page","type-page","status-publish","hentry"],"_links":{"self":[{"href":"https:\/\/auto-rueth.de\/rueth\/wp-json\/wp\/v2\/pages\/963","targetHints":{"allow":["GET"]}}],"collection":[{"href":"https:\/\/auto-rueth.de\/rueth\/wp-json\/wp\/v2\/pages"}],"about":[{"href":"https:\/\/auto-rueth.de\/rueth\/wp-json\/wp\/v2\/types\/page"}],"author":[{"embeddable":true,"href":"https:\/\/auto-rueth.de\/rueth\/wp-json\/wp\/v2\/users\/1"}],"replies":[{"embeddable":true,"href":"https:\/\/auto-rueth.de\/rueth\/wp-json\/wp\/v2\/comments?post=963"}],"version-history":[{"count":7,"href":"https:\/\/auto-rueth.de\/rueth\/wp-json\/wp\/v2\/pages\/963\/revisions"}],"predecessor-version":[{"id":979,"href":"https:\/\/auto-rueth.de\/rueth\/wp-json\/wp\/v2\/pages\/963\/revisions\/979"}],"wp:attachment":[{"href":"https:\/\/auto-rueth.de\/rueth\/wp-json\/wp\/v2\/media?parent=963"}],"curies":[{"name":"wp","href":"https:\/\/api.w.org\/{rel}","templated":true}]}}